of u.
2, 11
Let k(r) = 119*r**2 + 62*r - 362. What are the prime factors of k(5)?
37, 79
Let k(o) = o**2 + 48*o - 26. List the prime factors of k(8).
2, 211
Let i be (-9)/6*(-602)/21. Suppose -i - 112 = -v. List the prime factors of v.
5, 31
Suppose 363 = 4*s - d - 618, 2*s - 494 = 4*d. Suppose 6*p = -p + s. List the prime factors of p.
5, 7
Suppose 3*a = -c + 68 + 164, c - 236 = -4*a. Suppose 44 = -2*d + 2*r + c, 2*d = -r + 185. What are the prime factors of d?
7, 13
What are the prime factors of (-36)/(-8)*2*1932/18?
2, 3, 7, 23
Let u(i) = -22*i + 309. List the prime factors of u(6).
3, 59
Let a(i) = -3*i - 3. Let l be a(5). Suppose -5*q - 130 = 3*v, 3*q + 5*v + 74 = 4*v. Let t = l - q. List the prime factors of t.
5
Let r(l) = -2*l**2 - 32*l + 16. Let a be r(-17). Let i = a + 24. List the prime factors of i.
2, 3
Suppose -5*d - 64 + 304 = 0. Let q = d + 12. List the prime factors of q.
2, 3, 5
Let w(c) = -c**3 - 13*c**2 - 8*c + 82. What are the prime factors of w(-13)?
2, 3, 31
Let m = 1 + 4. Let c = 2 - m. Let w(r) = -3*r - 2. List the prime factors of w(c).
7
Suppose -4*j = -0*j. Suppose j*g = 4*g - 156. Let x = 0 + g. What are the prime factors of x?
3, 13
Suppose 595 + 1715 = 5*a. Suppose 11*h - 9*h - a = 0. What are the prime factors of h?
3, 7, 11
Let m = 17 - 7. Let b = -8 + m. Suppose -15 = 3*r, b*y + 4*r = -0 + 4. List the prime factors of y.
2, 3
List the prime factors of (-1284)/18*-6 - -3.
431
Let g(x) be the first derivative of x**4/4 - x**2/2 - 2*x - 2. Let q be g(2). Suppose q = 3*u - 5. List the prime factors of u.
3
Let d(p) = 39*p + 4. Let c(v) = -19*v - 2. Let j(o) = -7*c(o) - 3*d(o). Let z be j(3). Let a = z + -29. What are the prime factors of a?
3, 7
Let o = -33 + 35. Suppose o*x + x - 76 = 2*n, -n = -x + 24. What are the prime factors of x?
2, 7
Suppose 2*h - h - 363 = 5*l, -5*l - 351 = 3*h. Let m = l - -117. List the prime factors of m.
3, 5
What are the prime factors of (-9 - -1) + 1057 + -54?
5, 199
What are the prime factors of 3234/88 + (-1)/(-4)?
37
Let c = 14 - 13. List the prime factors of (1 - -2)*1 + (1 - c).
3
Let b(r) = 5*r**2 - 5*r + 2. List the prime factors of b(4).
2, 31
Let x(u) = 11*u**2 - 23*u - 90. What are the prime factors of x(12)?
2, 3, 7, 29
Let j(s) = -59*s - 3. Let v(d) = d**2 + 3*d + 1. Let f be v(-1). List the prime factors of j(f).
2, 7
Let v(a) = -a**2 - 4*a + 4. Let w be v(-4). Suppose w*i + 4 = 0, h = 3*i + 2*i + 1. List the prime factors of ((-18)/5)/(h/10).
3
Suppose 12 = 4*o, -5*f - 174*o + 172*o = -15546. What are the prime factors of f?
2, 3, 7, 37
List the prime factors of 18/27 - 13804/(-12).
1151
Let a(r) = 4*r + 6. Let x be a(-3). What are the prime factors of 0 + (-3 - -1) - (x + -34)?
2, 19
Let u = -16 + 24. Suppose -u = 4*t + 5*n, -2*t = 5*n - 5 - 1. Let v = 0 - t. List the prime factors of v.
7
Let q(j) = -6 + 3*j + 20 + 2*j + 2. What are the prime factors of q(0)?
2
Let b(q) = q - 14. Let o be b(17). List the prime factors of 8 + o/(-15)*0.
2
Suppose q - 2496 = -f, 18*f + 4 = 14*f. List the prime factors of q.
11, 227
Suppose -5*t = 3 + 27. List the prime factors of t/(-8) + (-3318)/(-56).
2, 3, 5
Let n be ((-5)/3 + 2)*9. Suppose 2*y - 106 = -5*o, -3*y + n*o + 121 = o. What are the prime factors of y?
43
Let u be ((-4)/(-12))/(3/2628). Let n = 515 - u. What are the prime factors of n?
223
Suppose -7*i + 333 = -6065. List the prime factors of i.
2, 457
What are the prime factors of -11*(-4 - -5) - -4195?
2, 523
Suppose 7*y = 12*y - 20. Suppose 4*l + l + 258 = y*m, -4*l = 8. List the prime factors of m.
2, 31
Suppose -6*m - 5615 = -15497. List the prime factors of m.
3, 61
Let v(o) = 8*o**2 + 8*o - 22. Let j be v(4). Suppose 8 = -4*s, 28 = i + s - j. What are the prime factors of i?
2, 3, 7
Let w = -2 - 25. Let i = w - -51. What are the prime factors of i?
2, 3
Let n be 7 + (3 - 4) + -1. Suppose -3*l = 4*b - 0*l - 275, 25 = n*l. List the prime factors of b.
5, 13
Let h be 2 + 2 + -5 + 3. Suppose 4*p - 32 = 4*s + 108, h*p + 3*s - 75 = 0. Suppose -5*b + 3*b = -p. What are the prime factors of b?
2, 3
Suppose 21 = -2*w - 15. Let t = w - -20. Suppose 5*a - t*u = 309, 2*a - u = -6*u + 112. List the prime factors of a.
61
Suppose 13 = -g + o, -5*g + 2*g - 40 = -4*o. Let y = 66 + -52. Let p = y + g. List the prime factors of p.
2
What are the prime factors of (-65)/40 + 2 - 44703/(-24)?
3, 23
Let f be (-30)/8*(-24)/9. Suppose f*c - 715 = 465. What are the prime factors of c?
2, 59
Let z(f) = f**3 - 6*f**2 + 9*f - 2. Let o be z(2). Suppose -3*a = -5*s - a + 410, o = -4*s - 2*a + 328. List the prime factors of s.
2, 41
Suppose 2*i = -2*m - 1875 + 9757, m + 4*i = 3926. List the prime factors of m.
2, 1973
Suppose 3*q - 480 = 5*r - 29, -305 = -2*q - r. Suppose b - q = 5*b. List the prime factors of (-2 + 3)/((-2)/b).
19
Suppose -f + 218 = 4*h - 379, 5*h + 3*f = 755. What are the prime factors of h?
2, 37
Let u(q) = -91*q - 1. Let l be u(-1). What are the prime factors of ((-108)/45)/((-4)/l)?
2, 3
Suppose 5*z + 3*n - n = 24, -5*n = -4*z + 6. Suppose -3*q + 11 = 4*d, 7 = 5*d + z*q - 7. Suppose d*a + 19 = 107. What are the prime factors of a?
2, 11
Let m = -414 + 481. What are the prime factors of m?
67
Let u(p) = -11*p - 5. Suppose -3*y - 211 + 199 = 0. List the prime factors of u(y).
3, 13
Let c(u) = u**3 - 4*u**2 - 4*u + 1. Let l be c(4). Let p = -13 - l. Suppose k - 56 = -k - 2*i, p*k = 2*i + 60. What are the prime factors of k?
29
Let i(r) = -65*r**2 + 56*r**2 + 15*r - r**3 - 14 + 3. List the prime factors of i(-11).
2, 3, 11
Let l = -353 + 775. List the prime factors of l.
2, 211
Let x = -305 + 853. What are the prime factors of x?
2, 137
Suppose -2*v = -0*v - 2. Let c(s) = 2*s + 1. Let m be c(7). Let u = v + m. What are the prime factors of u?
2
Let q(z) be the first derivative of -z**3/6 + z**2/2 - 6*z - 5. Let d(b) be the first derivative of q(b). What are the prime factors of d(-1)?
2
Let c = -261 + 1024. List the prime factors of c.
7, 109
Let s = 15 + -12. Suppose 2*c - 53 = s. What are the prime factors of c/6 + (-4)/(-12)?
5
Suppose 0 = -v + 2*v + 4*r - 80, -192 = -3*v + 4*r. List the prime factors of v.
2, 17
Suppose 0 = -16*h + 20*h - 844. List the prime factors of h.
211
Let p(h) = h**3 - 6*h**2 - 6*h - 3. Let c be p(7). Suppose 0 = 2*y - c*x - 80, 4*y + y + 4*x - 130 = 0. What are the prime factors of (-10)/y - (-136)/3?
3, 5
Let f(y) = -y**3 + 23*y**2 + 41*y + 26. List the prime factors of f(24).
2, 7, 31
Let w(s) = -3*s**3 - 6*s**2 + 2*s + 2. Let k = -11 + 9. Let r(h) = -4*h**3 - 6*h**2 + 3*h + 1. Let d(a) = k*r(a) + 3*w(a). What are the prime factors of d(-6)?
2
Let o(d) = d + 13. Let s be o(-12). Let q be (6 - s) + 0/(-1). Suppose -6*h + 2*h = -q*j + 210, j - 71 = -5*h. What are the prime factors of j?
2, 23
Suppose 0 = -4*l - 312 + 844. Let m = 400 + -334. Let j = l - m. What are the prime factors of j?
67
Suppose 0 = -7*t + 6*t. Suppose 5*i + 4*l - 1030 = -t*i, 405 = 2*i + 3*l. Suppose 4*w - i = -f + 3*f, 4*w = -3*f + 195. List the prime factors of w.
3, 17
Suppose -4*t + 194 = -5*a - 599, -2*t + a = -395. Suppose 6*j - 79 = t. Let p = -11 + j. What are the prime factors of p?
5, 7
Let q(g) = -g**3 - 6*g**2 + 11*g - 7. Let p be q(-8). Suppose k = -3*o - 3*k - 44, 5*k + p = -o. Let a(v) = -v - 4. What are the prime factors of a(o)?
2
Let p be ((-12)/(-8) + -1)/((-1)/(-8)). Suppose -p*t + 6*t - 463 = -3*n, -5*n = t - 781. List the prime factors of n.
157
Let t be (-1 - 0)*2 + 129 + -25. Let r = 181 - t. List the prime factors of r.
79
Let u(b) = 2*b**3 - 13*b**2 - 5*b - 19. Suppose 5*v - 44 = z, -v + 10 + 10 = -3*z. List the prime factors of u(v).
7, 19
Let f be (-24 + -3)*(1 + 0). Let s = -8 - f. Let r = s - 9. What are the prime factors of r?
2, 5
What are the prime factors of (-15)/(-45) - (236/(-3) + 2)?
7, 11
Let x(w) = 17*w + 5 - 7 - 4 - 6 - w**2. What are the prime factors of x(8)?
2, 3, 5
Let x = 41 - 39. Suppose -2*h - 370 = x*q - 5*q, 4*q + 2*h - 512 = 0. List the prime factors of q.
2, 3, 7
What are the prime factors of ((-2)/7)/(8/(-24052))?
859
What are the prime factors of (-67 - 13)/10*1102/(-8)?
2, 19, 29
Suppose -117*n = -121*n + 2008. What are the prime factors of n?
2, 251
Let f = -7 + 11. Suppose 3*i = -3*t - 21, -2*i - f*t = 3*i + 37. Let 